 composite?
False
Let n = 3912 - -1561. Is n a prime number?
False
Let d(u) = -91231*u**3 - 2*u**2 + 138*u + 140. Is d(-1) a composite number?
True
Let x(y) = -y**2 - 11*y - 21. Let s be x(-4). Suppose -6507 = -s*w + 17482. Is w composite?
True
Let p = 3935 - -13095. Suppose 13*t - p = 17173. Is t a composite number?
True
Is 132261 + ((-2)/3)/((-2)/6) a composite number?
False
Suppose -29*a + 24*a - 4*f = -2556667, -3*a - f + 1533996 = 0. Is a composite?
True
Suppose -43586*x + 1710826 = -43560*x. Is x a composite number?
True
Let z = 178 - 162. Is 1779 + z/(-40)*5 prime?
True
Suppose a + 8237 = -2*r, -r = -a + 407 + 3710. Let b = -883 - r. Is b prime?
False
Let m = -156 + 161. Suppose -2*i + 30249 + 37344 = 5*u, 0 = -4*u - m*i + 54088. Is u a composite number?
True
Suppose -4*u = 5*q - 29, 2*u + 22 = 5*q - u. Suppose q*i = -3*s + 2*i + 37188, 0 = -2*s - 5*i + 24807. Is s composite?
False
Let o be -11138 - (34 - 6)/(-7). Let p = -7497 - o. Is p prime?
True
Let i(w) = 14*w**2 + 54*w + 101. Let g be i(-41). Suppose d = -2*s + g, 39280 = 3*d - 2*s - 24975. Is d composite?
False
Suppose -266595 = -14*g + 4195387. Is g a prime number?
True
Let j(t) = t**2 + 42. Let f be j(0). Let a be 6/(-21) + 0 + (-282)/f. Let m(b) = 5*b**2 + 2*b - 8. Is m(a) a composite number?
False
Is (-7 + (-1776415)/10)*-4*(-2)/(-4) a composite number?
False
Let b be 2/2*(-40)/(-8) + -3. Suppose 2*q - 4*x = 4348, 0 = -b*q - 8*x + 7*x + 4348. Is q a composite number?
True
Let f(l) = -3*l + 24. Let b(z) = 3*z**2 - 4*z + 4. Let u be b(2). Let d be f(u). Suppose 5*n - 20 = d, 2*p - n - 6767 = -89. Is p a prime number?
False
Is (-80403 + 0)/((2 - 8)/2) prime?
True
Let d(s) = s**3 + 16*s**2 + 13*s - 7. Let v be d(-17). Let n = v - -1068. Is n a composite number?
True
Let z(m) = 129*m**2 - 452*m + 139. Is z(28) prime?
False
Suppose -35*y + 860942 = 44*y. Is y prime?
False
Let u(s) = -s**3 - 9*s**2 - 23*s + 51. Let a be 1/(-2 + -3) - 2772/140. Is u(a) a composite number?
True
Is 258/(-4515) - 1295947/(-35) prime?
False
Let c(p) be the first derivative of -p**4/4 + 16*p**3/3 - 5*p**2 + 20*p - 57. Is c(13) composite?
False
Let u = -78542 - -190189. Is u composite?
True
Let v = 65 + -65. Is 2/8 + v + 331688/224 composite?
False
Let x(j) = j**3 - 9*j**2 + 9*j - 20. Let f be x(10). Let t(c) = 94*c**2 - 4*c - 3. Let y be t(-2). Let b = y - f. Is b a prime number?
True
Is 12/(14 + 34)*1908744/2 a composite number?
True
Let i(v) = 1730*v + 1. Let a(s) = -2*s**2 - 95*s - 137. Let l be a(-46). Is i(l) a prime number?
False
Suppose -11*f - 211 = 119. Let x = f + 32. Suppose l - j + 581 = x*l, -5*l + 3*j + 2921 = 0. Is l a composite number?
True
Suppose 11*m - 1121 = 661. Let k be (-4)/9 + 558/m. Suppose n - 194 = -4*q + 3*q, -q + k = 0. Is n composite?
False
Let t(j) = 4*j**3 - 18*j**2 - 19*j - 22. Let a(w) = 6*w**3 - 27*w**2 - 29*w - 32. Let l(b) = -5*a(b) + 7*t(b). Is l(-7) composite?
False
Let r(l) = -18 + 6*l - 29 + 12. Let z = 30 + -13. Is r(z) a composite number?
False
Suppose o + 5*i = -2182, -2*i = -o + 3*o + 4332. Let s be (o - -6)*(-7)/4. Suppose 2*a + 831 = s. Is a prime?
True
Let h(l) = l**2 + 346337. Is h(0) composite?
False
Suppose -165076 + 6442 = -6*y. Suppose -35*c = -42*c + y. Is c prime?
False
Let c = -787970 + 1377681. Is c composite?
False
Suppose 4*s - 7*s = -5*y - 7249, -15 = 3*y. Let n = s - 715. Is n a composite number?
False
Let y(v) = -v + 5 - 23 + 6 + 35*v**2 + 5. Suppose -4*c - 3*g + 6*g = 7, -5*g = 2*c + 23. Is y(c) a composite number?
False
Suppose -5*s = -25, -2*d - 2*s = -14 - 16. Let a = 416 + -887. Let v = d - a. Is v composite?
True
Suppose -10*o = 21*o - 92194. Suppose 2*t = -3*b + o + 8827, 2*b - 7879 = t. Is b a composite number?
True
Let b(m) = -5*m - 16. Let j be b(-3). Is 20671/(-21)*(j - (3 - 1)) a prime number?
True
Let l = -69 + 72. Let d(u) be the first derivative of 5*u**4/2 - 3*u**2/2 - 2*u + 1. Is d(l) a prime number?
False
Let g = 396810 - 161219. Is g a composite number?
False
Let p(q) be the second derivative of -q**3/6 + 5*q**2/2 + 4*q. Let i be p(0). Suppose i*t = -2*a + 150, 0*t = 2*a - 2*t - 178. Is a composite?
True
Suppose -6*g + 8 = -2*g. Let h(k) = k**2 - 54*k - 2. Let r(p) = -14*p. Let i(f) = h(f) - 4*r(f). Is i(g) composite?
True
Suppose 968 = -3*p - 3*i - 4450, 0 = 4*p - i + 7219. Let c = 14244 + p. Is c a prime number?
False
Let t = -90 - -109. Let s be t + -15 - 1*100. Let y = 370 + s. Is y a prime number?
False
Suppose 28*q + 2*q = q + 1765201. Is q prime?
True
Let s be 4/6 - (-92)/(-3). Let v be 3015/s - (-1)/2. Let t = -61 - v. Is t composite?
True
Let f = -39 + 44. Let u(o) = 13*o**2 + 2*o**2 - f*o + 17 + 11*o**2. Is u(6) composite?
True
Let m = 5075 + -1692. Suppose 1003 = -20*x + m. Is x a prime number?
False
Let g = 121 - 407. Let m = -150 - g. Suppose -5*f - 15 = 0, -4*f - m = u - 578. Is u a composite number?
True
Suppose -229*b = -246*b + 511343. Is b a composite number?
True
Let z = -170 - -175. Suppose -z*c = -118092 - 14693. Is c a composite number?
False
Let r = -39117 - -58219. Let f = r - 9311. Is f composite?
False
Let q be (-49256075)/(-100) - 3/4. Is q/200 - 1/(-5) a prime number?
False
Let o be (-472)/59 - (-268 - 0). Is 5*(-13)/o - (-82445)/4 prime?
True
Let u be 241600/(-34) + 4 + 350/(-85). Let c = u - -10755. Is c a prime number?
False
Let g be 1*11 - (-10)/10. Suppose l = g*s - 15*s + 6484, l = 3*s - 6482. Is s a prime number?
True
Let r(j) be the first derivative of -89*j**4/4 - j**3/3 - 7*j**2/2 - 28*j - 132. Is r(-5) a prime number?
False
Suppose 6415143 = g + 15*g - 876649. Is g composite?
False
Let x(i) = 34*i**2 - 5*i + 4. Let f be x(3). Suppose f = 11*p - 3885. Let b = 901 - p. Is b a composite number?
False
Suppose 5*b + 19935 = 5*l, 5*b - 2355 = -l + 1626. Suppose -14781 = -5*s - l. Is s a prime number?
False
Suppose 3*a = g - 0*g + 9702, 2*a - 6455 = 5*g. Let k = 7658 - a. Suppose -4372 = -5*t + k. Is t a composite number?
False
Suppose -163*j + 158*j + 430 = 0. Let c = j - 84. Suppose -c*g + 32 = -394. Is g a composite number?
True
Is 845346/30*(-45)/(-9) composite?
False
Let g(j) = -314*j - 13. Let y be g(10). Let m = -2093 - y. Suppose -24*r + m = -20*r. Is r a composite number?
True
Suppose 8832 = -12*q + 6*q. Let n = q - -2297. Let p = n - 586. Is p a prime number?
True
Let p = 96 + -90. Is ((-100040)/60)/(p/(-9)) prime?
False
Let l(p) = 7039*p**3 + 6*p**2 - 217*p + 617. Is l(3) a composite number?
True
Let p be (-1314)/365 - (-2)/(-5). Is (-795562)/(-183)*(-6)/p prime?
True
Suppose 10*a = 17*a - 826. Let x = 167 - a. Is x a prime number?
False
Let x be 4 + -9 + 7 - (0 - 2). Is x/((-11)/(33/(-4))) - -1252 composite?
True
Let x(r) = -r**2 - 8*r + 6. Let m be x(-18). Let g be 0 - m - (2 + -1 + -3). Let l = g - 91. Is l prime?
False
Let i = 314981 - 222360. Is i prime?
False
Let k be (-12)/15*(-107025)/(-10)*1. Let a = -5605 - k. Is a a prime number?
True
Let y(i) = -17*i**3 - 18*i**2 - 15*i + 19. Is y(-15) a prime number?
True
Let s be ((-9)/(-5) + -1)/(26/65). Let y be (2/(-6))/(s/(-30)). Suppose 4*f - 1080 = 3*a, -y*f - 4*a + 1319 = -0*f. Is f prime?
False
Suppose p - 2*g - 120529 = 0, 0*p = 4*p + 3*g - 482182. Is p a composite number?
True
Let g(s) = 1151*s**2 + 55*s + 17. Is g(15) composite?
True
Let p(q) = -153*q - 38 - 9 + 49 - 31. Let x = -19 + 15. Is p(x) a prime number?
False
Suppose -2*s = -3*i - 48500, -5*i - 36312 = -3*s + 36437. Is s prime?
False
Let w = -370 - -377. Let z(k) = 172*k - 57. Is z(w) a prime number?
False
Suppose -13*d + 2*a = -18*d + 24369, -2*a = d - 4877. Is d composite?
True
Let c(g) = -395*g + 64. Let m be c(-16). Let w = m - 4333. Is w a prime number?
False
Let z(c) = 2*c**3 - 12*c**2 - 16*c + 6. Let l be z(7). Is (132158/11)/2 - l/(-44) a composite number?
False
Let l be (2/(-10) - 0) + (-138)/(-15). Suppose 0*y - 4 = -5*y + z, 4*y + 8 = -2*z. Suppose y = -5*k + l*k - 836. Is k a composite number?
True
Let x(r) = r**3 + 15*r**2 - 14*r + 21. Let m be x(-16). Is 12/(-66) - 190753/m prime?
True
Suppose 54*y - 1365737 = 2111701. Is y a prime number?
False
Is ((-10)/20)/((-2)/63572) a prime number?
False
Suppose 3840223 = 99383*c - 99364*c. Is c composite?
True
Let j(i) = -257*i + 17. Let w(p) = 2 + 16*p - 31*p + 16*p. Let y be w(-8). Is j(y) a prime number?
